se 8.
4572
Convert -724 (base 10) to base 8.
-1324
Convert cab (base 16) to base 6.
23003
Convert -1a17 (base 12) to base 6.
-22431
What is -11111101 (base 3) in base 12?
-1a91
Convert 10002212020 (base 3) to base 16.
eece
Convert -140303 (base 5) to base 10.
-5703
What is -1001100110 (base 2) in base 5?
-4424
43237 (base 9) to base 8
67723
11002110 (base 3) to base 8
5646
221102200 (base 3) to base 10
18540
Convert 1a30 (base 11) to base 12.
15a6
-22b8 (base 13) to base 10
-4883
-101102022 (base 3) to base 10
-7595
Convert 110110111010111 (base 2) to base 5.
1344434
3190 (base 10) to base 12
1a1a
Convert -14ab (base 13) to base 3.
-11010122
What is 1210 (base 5) in base 9?
220
What is 1080 (base 10) in base 16?
438
13637 (base 13) to base 12
18b58
What is -c3c (base 14) in base 16?
-966
Convert 10100101100 (base 2) to base 10.
1324
What is 7845 (base 12) in base 2?
11001111110101
Convert -5368 (base 15) to base 11.
-12294
What is -10222 (base 3) in base 16?
-6b
What is -200 (base 15) in base 11?
-37a
-9564 (base 12) to base 4
-3333130
Convert 5540 (base 10) to base 11.
4187
What is -310341 (base 5) in base 14?
-3972
Convert -10111010100 (base 2) to base 12.
-a44
What is -7534 (base 11) in base 16?
-26e7
1061 (base 7) to base 16
182
-35001 (base 7) to base 5
-241134
8b2e (base 15) to base 7
152030
What is -13640 (base 10) in base 8?
-32510
What is -14712 (base 11) in base 7?
-114500
-100310 (base 4) to base 11
-899
What is -122201021 (base 3) in base 7?
-52435
3bb (base 13) to base 4
22111
What is c42 (base 13) in base 12?
1256
What is -3044 (base 8) in base 12?
-ab0
Convert dd (base 14) to base 2.
11000011
What is 11022002 (base 3) in base 2?
110000111110
What is 3250 (base 8) in base 11?
130a
What is -161 (base 10) in base 5?
-1121
Convert -100010110010 (base 2) to base 10.
-2226
243 (base 5) to base 3
2201
439 (base 15) to base 7
2532
Convert 70851 (base 9) to base 8.
133035
-10010122 (base 3) to base 14
-b93
Convert 919 (base 14) to base 16.
6fb
Convert 595 (base 10) to base 16.
253
-68a1 (base 11) to base 2
-10001101101001
2eb3 (base 16) to base 11
8a89
4144 (base 6) to base 16
3a0
What is -12685 (base 10) in base 3?
-122101211
What is 94d0 (base 15) in base 10?
31470
-b439 (base 12) to base 5
-1112004
What is 11244 (base 9) in base 7?
30562
Convert -2615 (base 14) to base 4.
-1220123
What is 240136 (base 7) in base 2?
1010100100011110
Convert -112100 (base 3) to base 7.
-1062
-200221 (base 3) to base 7
-1330
-404 (base 8) to base 11
-217
-27712 (base 8) to base 6
-132350
262aa (base 11) to base 15
b23a
4c3 (base 14) to base 12
677
Convert -200 (base 14) to base 6.
-1452
-1100111111010 (base 2) to base 11
-4aa6
-12501 (base 9) to base 13
-3ab1
-2041 (base 10) to base 9
-2717
Convert -99b4 (base 16) to base 14.
-104a8
20772 (base 10) to base 5
1131042
What is -1302 (base 7) in base 9?
-606
-36d (base 15) to base 4
-30022
-110001001111 (base 2) to base 9
-4281
Convert 10 (base 8) to base 3.
22
16a9 (base 12) to base 4
222201
What is -10146 (base 8) in base 14?
-175c
What is -45430 (base 6) in base 15?
-1d86
Convert 27a (base 14) to base 16.
1f4
-16145 (base 11) to base 12
-11239
Convert -a0a (base 14) to base 3.
-2200222
Convert 5202 (base 8) to base 15.
be5
What is 16b (base 15) in base 8?
506
What is -315502 (base 6) in base 8?
-62436
-1011101100 (base 2) to base 3
-1000201
What is -6200 (base 8) in base 9?
-4345
Convert -678 (base 9) to base 4.
-20231
What is -34c (base 14) in base 11?
-547
What is 30a32 (base 13) in base 10?
87414
Convert -3131200 (base 4) to base 13.
-65b6
Convert -21210001 (base 3) to base 16.
-1627
What is 5183 (base 12) in base 7?
34620
221202002 (base 3) to base 16
494f
Convert 621 (base 7) to base 4.
10311
Convert 31514 (base 6) to base 5.
114134
-1402 (base 8) to base 9
-1045
-1110010001111011 (base 2) to base 6
-1130443
Convert -36435 (base 7) to base 15.
-2c23
Convert 2632 (base 7) to base 13.
5c2
1118 (base 12) to base 16
764
What is b4b5 (base 13) in base 16?
619f
-ef2 (base 16) to base 10
-3826
What is -381 (base 15) in base 3?
-1002111
Convert 9174 (base 10) to base 15.
2ab9
Convert -34041 (base 6) to base 7.
-16633
What is 9470 (base 10) in base 11?
712a
What is 912 (base 12) in base 13?
79a
What is -100011000100 (base 2) in base 11?
-1760
Convert 2b9 (base 12) to base 15.
1d9
Convert 6421 (base 9) to base 13.
21bb
Convert -1a5 (base 16) to base 2.
-110100101
Convert 21112110 (base 3) to base 8.
12565
What is -1044341 (base 5) in base 6?
-222401
What is 2841 (base 10) in base 7?
11166
What is 166a (base 14) in base 12?
23a6
Convert 22341 (base 6) to base 13.
158b
101103 (base 6) to base 11
6041
Convert 210202201 (base 3) to base 7.
64156
882 (base 9) to base 7
2051
34775 (base 9) to base 3
1011212112
What is -38a (base 15) in base 13?
-49c
11002 (base 3) to base 15
75
What is 83 (base 12) in base 13?
78
What is 305 (base 13) in base 11?
426
Convert 13076 (base 11) to base 7.
105366
What is 7e9b (base 16) in base 8?
77233
What is 6b77 (base 14) in base 3?
221200112
-22115 (base 7) to base 13
-26ab
2738 (base 14) to base 11
5212
Convert 3233 (base 4) to base 2.
11101111
-7688 (base 10) to base 6
-55332
Convert 10210 (base 3) to base 14.
74
Convert -123073 (base 8) to base 3.
-2011101010
-2201213 (base 5) to base 10
-37683
What is 3c51 (base 14) in base 9?
15548
Convert 84 (base 12) to base 7.
202
-974 (base 10) to base 14
-4d8
What is 5819 (base 10) in base 5?
141234
What is 101122 (base 3) in base 5?
2122
Convert 780 (base 13) to base 10.
1287
5030 (base 6) to base 15
4d3
-143243 (base 5) to base 14
-22db
What is 1441134 (base 5) in base 10?
30794
1446 (base 8) to base 13
4a0
-90a (base 15) to base 16
-7f3
Convert -2545 (base 7) to base 9.
-1281
Convert 2006 (base 8) to base 3.
1102011
What is -29304 (base 12) in base 3?
-2220211011
e804 (base 15) to base 8
137636
What is 56 (base 12) in base 8?
102
What is 2425 (base 8) in base 12?
905
6109 (base 13) to base 4
3100300
Convert -32310 (base 4) to base 5.
-12243
Convert -1766 (base 12) to base 14.
-1050
Convert 2 (base 14) to base 8.
2
-141340 (base 5) to base 9
-8014
Convert 76ce (base 16) to base 11.
2093a
Convert -391 (base 10) to base 13.
-241
Convert -2e33 (base 15) to base 2.
-10011011011100
1365 (base 9) to base 3
1102012
What is 7a96 (base 13) in base 6?
211332
222102 (base 4) to base 9
3636
Convert 1a8 (base 15) to base 14.
1d5
Convert 55213 (base 6) to base 13.
362a
What is -11110010110 (base 2) in base 7?
-5443
Convert 10020200 (base 3) to base 8.
4477
Convert -22202 (base 4) to base 9.
-828
What is 1021222002 (base 3) in base 16?
6392
Convert 250a (base 11) to base 8.
6315
-221200 (base 3) to base 14
-377
What is -356 (base 15) in base 2?
-1011110100
What is -11148 (base 9) in base 16?
-1cf7
What is -20421 (base 7) in base 16?
-1395
Convert 5b9e (base 16) to base 5.
1222304
Convert 1111011010011 (base 2) to base 6.
100311
1111 (base 7) to base 8
620
500513 (base 7) to base 11
58368
What is 662 (base 8) in base 2?
110110010
1799 (base 10) to base 15
7ee
-1609 (base 10) to base 13
-96a
Convert -2d2 (base 14) to base 8.
-1100
What is -11476 (base 9) in base 13?
-3660
Convert -221415 (base 6) to base 4.
-10201103
What is -165 (base 12) in base 14?
-11b
Convert -1011101011 (base 2) to base 11.
-61a
-23522 (base 6) to base 15
-103e
What is 2200031 (base 5) in base 3?
1220110111
What is 27171 (base 11) in base 12?
1a552
What is 647 (base 9) in base 3?
201121
-137 (base 12) to base 11
-160
-2112222 (base 3) to base 8
-3506
2603 (base 8) to base 2
10110000011
17437 (base 8) to base 6
100515
11221022 (base 3) to base 2
111000001111
46a (base 14) to base 9
1175
Convert -445 (base 12) to base 13.
-395
What is 11231111 (base 4) in base 8?
55525
What is 590 (base 15) in base 5?
20020
131 (base 11) to base 15
a5
Convert bb (base 15) to base 16.
b0
What is -6ba (base 12) in base 14?
-51c
Convert -131331 (base 5) to base 10.
-5216
-1101011101 (base 2) to base 10
-861
4708 (base 11) to base 8
14043
Convert -10010 (base 7) to base 14.
-c40
What is -1434 (base 5) in base 15?
-114
What is 168 (base 14) in base 5?
2123
What is -1604 (base 13) in base 4?
-302033
-5a04 (base 12) to base 14
-3964
Convert -ab70 (base 12) to base 14.
-6c96
Convert 140ab (base 14) to ba